{"id":130,"date":"2022-10-25T03:43:05","date_gmt":"2022-10-25T03:43:05","guid":{"rendered":"https:\/\/acpaiva.com.br\/site\/?page_id=130"},"modified":"2023-11-03T20:14:56","modified_gmt":"2023-11-03T20:14:56","slug":"caixa-de-passagem","status":"publish","type":"page","link":"https:\/\/acpaiva.com.br\/site\/produtos\/caixa-de-passagem\/","title":{"rendered":"Caixa de Passagem"},"content":{"rendered":"<p><div class=\"fusion-fullwidth fullwidth-box fusion-builder-row-1 fusion-flex-container nonhundred-percent-fullwidth non-hundred-percent-height-scrolling\" style=\"background-color: #ededed;background-position: right center;background-repeat: no-repeat;border-width: 0px 0px 0px 0px;border-color:#eae9e9;border-style:solid;\" ><div class=\"fusion-builder-row fusion-row fusion-flex-align-items-flex-start\" style=\"max-width:1248px;margin-left: calc(-4% \/ 2 );margin-right: calc(-4% \/ 2 );\"><div class=\"fusion-layout-column fusion_builder_column fusion-builder-column-0 fusion_builder_column_1_2 1_2 fusion-flex-column\"><div class=\"fusion-column-wrapper fusion-flex-justify-content-flex-start fusion-content-layout-column\" style=\"background-position:left top;background-repeat:no-repeat;-webkit-background-size:cover;-moz-background-size:cover;-o-background-size:cover;background-size:cover;background-color:#f8f8f8;padding: 0px 30px 20px 30px;\"><div class=\"fusion-separator fusion-full-width-sep\" style=\"align-self: center;margin-left: auto;margin-right: auto;margin-top:20px;width:100%;\"><\/div><div class=\"fusion-text fusion-text-1\" style=\"color:#f44336;\"><h2><span style=\"color: #;\">Caixa de Passagem<\/span><\/h2>\n<\/div><div class=\"fusion-separator\" style=\"align-self: flex-start;margin-right:auto;margin-bottom:30px;width:100%;max-width:90px;\"><div class=\"fusion-separator-border sep-single sep-solid\" style=\"border-color:#0092bf;border-top-width:2px;\"><\/div><\/div><div class=\"fusion-text fusion-text-2\" style=\"color:#515151;\"><p>Caixa de liga\u00e7\u00e3o e passagem quadrada, fabricada em liga de alum\u00ednio, orelhas de \ufb01xa\u00e7\u00e3o refor\u00e7adas.<br \/>\nJunta vedadora de borracha.<br \/>\nTampa revers\u00edvel sendo de um lado liso e o outro antiderrapante, podendo ser utilizada tanto em parede como em piso.<br \/>\nTampa \ufb01xada \u00e0 caixa por meio de parafusos zincados.<br \/>\nAcabamento padr\u00e3o em Alum\u00ednio natural, e com pintura eletrost\u00e1tica na cor cinza.<br \/>\nO pedido pode ser fornecido com entradas rosqueadas BSP (G\u00e1s ).<br \/>\nAs caixas modelos 10&#215;10, 15&#215;15 e 20&#215;20 possuem 02 orelhas de \ufb01xa\u00e7\u00e3o e tampa \ufb01xada ao corpo por 04 parafusos, as demais possuem 04 orelhas de \ufb01xa\u00e7\u00e3o e tampa \ufb01xada ao corpo por 08 parafusos.<\/p>\n<\/div><\/div><style type=\"text\/css\">.fusion-body .fusion-builder-column-0{width:50% !important;margin-top : 60px;margin-bottom : 60px;}.fusion-builder-column-0 > .fusion-column-wrapper {padding-top : 0px !important;padding-right : 30px !important;margin-right : 3.84%;padding-bottom : 20px !important;padding-left : 30px !important;margin-left : 3.84%;}@media only screen and (max-width:1024px) {.fusion-body .fusion-builder-column-0{width:100% !important;order : 0;}.fusion-builder-column-0 > .fusion-column-wrapper {margin-right : 1.92%;margin-left : 1.92%;}}@media only screen and (max-width:640px) {.fusion-body .fusion-builder-column-0{width:100% !important;order : 0;}.fusion-builder-column-0 > .fusion-column-wrapper {margin-right : 1.92%;margin-left : 1.92%;}}<\/style><\/div><div class=\"fusion-layout-column fusion_builder_column fusion-builder-column-1 fusion_builder_column_1_2 1_2 fusion-flex-column\"><div class=\"fusion-column-wrapper fusion-flex-justify-content-flex-start fusion-content-layout-column\" style=\"background-position:left top;background-repeat:no-repeat;-webkit-background-size:cover;-moz-background-size:cover;-o-background-size:cover;background-size:cover;background-color:#ffffff;padding: 0px 0px 0px 0px;\"><div class=\"fusion-separator fusion-full-width-sep\" style=\"align-self: center;margin-left: auto;margin-right: auto;margin-top:20px;width:100%;\"><\/div><div class=\"fusion-image-carousel fusion-image-carousel-auto\"><div class=\"fusion-carousel\" data-autoplay=\"no\" data-columns=\"1\" data-itemmargin=\"13\" data-itemwidth=\"180\" data-touchscroll=\"no\" data-imagesize=\"auto\"><div class=\"fusion-carousel-positioner\"><ul class=\"fusion-carousel-holder\"><li class=\"fusion-carousel-item\"><div class=\"fusion-carousel-item-wrapper\"><div class=\"fusion-image-wrapper hover-type-none\"><img decoding=\"async\" width=\"767\" height=\"612\" src=\"https:\/\/acpaiva.com.br\/site\/wp-content\/uploads\/2022\/10\/produto-caixa-de-passagem-1.jpg\" class=\"attachment-full size-full\" alt=\"Caixa de liga\u00e7\u00e3o e passagem\" srcset=\"https:\/\/acpaiva.com.br\/site\/wp-content\/uploads\/2022\/10\/produto-caixa-de-passagem-1-177x142.jpg 177w, https:\/\/acpaiva.com.br\/site\/wp-content\/uploads\/2022\/10\/produto-caixa-de-passagem-1-200x160.jpg 200w, https:\/\/acpaiva.com.br\/site\/wp-content\/uploads\/2022\/10\/produto-caixa-de-passagem-1-300x239.jpg 300w, https:\/\/acpaiva.com.br\/site\/wp-content\/uploads\/2022\/10\/produto-caixa-de-passagem-1-400x319.jpg 400w, https:\/\/acpaiva.com.br\/site\/wp-content\/uploads\/2022\/10\/produto-caixa-de-passagem-1-600x479.jpg 600w, https:\/\/acpaiva.com.br\/site\/wp-content\/uploads\/2022\/10\/produto-caixa-de-passagem-1.jpg 767w\" sizes=\"(max-width: 767px) 100vw, 767px\" \/><\/div><\/div><\/li><li class=\"fusion-carousel-item\"><div class=\"fusion-carousel-item-wrapper\"><div class=\"fusion-image-wrapper hover-type-none\"><img decoding=\"async\" width=\"767\" height=\"612\" src=\"https:\/\/acpaiva.com.br\/site\/wp-content\/uploads\/2022\/10\/produto-caixa-de-passagem.jpg\" class=\"attachment-full size-full\" alt=\"\" srcset=\"https:\/\/acpaiva.com.br\/site\/wp-content\/uploads\/2022\/10\/produto-caixa-de-passagem-177x142.jpg 177w, https:\/\/acpaiva.com.br\/site\/wp-content\/uploads\/2022\/10\/produto-caixa-de-passagem-200x160.jpg 200w, https:\/\/acpaiva.com.br\/site\/wp-content\/uploads\/2022\/10\/produto-caixa-de-passagem-300x239.jpg 300w, https:\/\/acpaiva.com.br\/site\/wp-content\/uploads\/2022\/10\/produto-caixa-de-passagem-400x319.jpg 400w, https:\/\/acpaiva.com.br\/site\/wp-content\/uploads\/2022\/10\/produto-caixa-de-passagem-600x479.jpg 600w, https:\/\/acpaiva.com.br\/site\/wp-content\/uploads\/2022\/10\/produto-caixa-de-passagem.jpg 767w\" sizes=\"(max-width: 767px) 100vw, 767px\" \/><\/div><\/div><\/li><\/ul><div class=\"fusion-carousel-nav\"><span class=\"fusion-nav-prev\"><\/span><span class=\"fusion-nav-next\"><\/span><\/div><\/div><\/div><\/div><\/div><style type=\"text\/css\">.fusion-body .fusion-builder-column-1{width:50% !important;margin-top : 60px;margin-bottom : 60px;}.fusion-builder-column-1 > .fusion-column-wrapper {padding-top : 0px !important;padding-right : 0px !important;margin-right : 3.84%;padding-bottom : 0px !important;padding-left : 0px !important;margin-left : 3.84%;}@media only screen and (max-width:1024px) {.fusion-body .fusion-builder-column-1{width:100% !important;order : 0;}.fusion-builder-column-1 > .fusion-column-wrapper {margin-right : 1.92%;margin-left : 1.92%;}}@media only screen and (max-width:640px) {.fusion-body .fusion-builder-column-1{width:100% !important;order : 0;}.fusion-builder-column-1 > .fusion-column-wrapper {margin-right : 1.92%;margin-left : 1.92%;}}<\/style><\/div><\/div><style type=\"text\/css\">.fusion-body .fusion-flex-container.fusion-builder-row-1{ padding-top : 0px;margin-top : -60px;padding-right : 0px;padding-bottom : 0px;margin-bottom : 0px;padding-left : 0px;}<\/style><\/div><div class=\"fusion-fullwidth fullwidth-box fusion-builder-row-2 fusion-flex-container nonhundred-percent-fullwidth non-hundred-percent-height-scrolling\" style=\"background-color: #ffffff;background-position: center center;background-repeat: no-repeat;border-width: 0px 0px 0px 0px;border-color:#eae9e9;border-style:solid;\" ><div class=\"fusion-builder-row fusion-row fusion-flex-align-items-flex-start\" style=\"max-width:1248px;margin-left: calc(-4% \/ 2 );margin-right: calc(-4% \/ 2 );\"><div class=\"fusion-layout-column fusion_builder_column fusion-builder-column-2 fusion_builder_column_1_1 1_1 fusion-flex-column\"><div class=\"fusion-column-wrapper fusion-flex-justify-content-flex-start fusion-content-layout-column\" style=\"background-position:left top;background-repeat:no-repeat;-webkit-background-size:cover;-moz-background-size:cover;-o-background-size:cover;background-size:cover;background-color:#ffffff;padding: 0px 0px 0px 0px;\"><div style=\"text-align:center;\"><span class=\" fusion-imageframe imageframe-none imageframe-1 hover-type-none\"><img decoding=\"async\" width=\"1070\" height=\"300\" alt=\"Caixa de Passagem\" title=\"06-Caixas-de-Passagem&#8211;com-Tampa-Revers\u00edvel\" src=\"https:\/\/acpaiva.com.br\/site\/wp-content\/uploads\/2023\/11\/06-Caixas-de-Passagem-com-Tampa-Reversivel.png\" class=\"img-responsive wp-image-343\" srcset=\"https:\/\/acpaiva.com.br\/site\/wp-content\/uploads\/2023\/11\/06-Caixas-de-Passagem-com-Tampa-Reversivel-200x56.png 200w, https:\/\/acpaiva.com.br\/site\/wp-content\/uploads\/2023\/11\/06-Caixas-de-Passagem-com-Tampa-Reversivel-400x112.png 400w, https:\/\/acpaiva.com.br\/site\/wp-content\/uploads\/2023\/11\/06-Caixas-de-Passagem-com-Tampa-Reversivel-600x168.png 600w, https:\/\/acpaiva.com.br\/site\/wp-content\/uploads\/2023\/11\/06-Caixas-de-Passagem-com-Tampa-Reversivel-800x224.png 800w, https:\/\/acpaiva.com.br\/site\/wp-content\/uploads\/2023\/11\/06-Caixas-de-Passagem-com-Tampa-Reversivel.png 1070w\" sizes=\"(max-width: 1024px) 100vw, (max-width: 640px) 100vw, 1070px\" \/><\/span><\/div><\/div><style type=\"text\/css\">.fusion-body .fusion-builder-column-2{width:100% !important;margin-top : 0px;margin-bottom : 20px;}.fusion-builder-column-2 > .fusion-column-wrapper {padding-top : 0px !important;padding-right : 0px !important;margin-right : 1.92%;padding-bottom : 0px !important;padding-left : 0px !important;margin-left : 1.92%;}@media only screen and (max-width:1024px) {.fusion-body .fusion-builder-column-2{width:100% !important;order : 0;}.fusion-builder-column-2 > .fusion-column-wrapper {margin-right : 1.92%;margin-left : 1.92%;}}@media only screen and (max-width:640px) {.fusion-body .fusion-builder-column-2{width:100% !important;order : 0;}.fusion-builder-column-2 > .fusion-column-wrapper {margin-right : 1.92%;margin-left : 1.92%;}}<\/style><\/div><div class=\"fusion-layout-column fusion_builder_column fusion-builder-column-3 fusion_builder_column_1_1 1_1 fusion-flex-column\"><div class=\"fusion-column-wrapper fusion-flex-justify-content-flex-start fusion-content-layout-column\" style=\"background-position:left top;background-repeat:no-repeat;-webkit-background-size:cover;-moz-background-size:cover;-o-background-size:cover;background-size:cover;padding: 0px 0px 0px 0px;\"><\/div><style type=\"text\/css\">.fusion-body .fusion-builder-column-3{width:100% !important;margin-top : 0px;margin-bottom : 20px;}.fusion-builder-column-3 > .fusion-column-wrapper {padding-top : 0px !important;padding-right : 0px !important;margin-right : 1.92%;padding-bottom : 0px !important;padding-left : 0px !important;margin-left : 1.92%;}@media only screen and (max-width:1024px) {.fusion-body .fusion-builder-column-3{width:100% !important;order : 0;}.fusion-builder-column-3 > .fusion-column-wrapper {margin-right : 1.92%;margin-left : 1.92%;}}@media only screen and (max-width:640px) {.fusion-body .fusion-builder-column-3{width:100% !important;order : 0;}.fusion-builder-column-3 > .fusion-column-wrapper {margin-right : 1.92%;margin-left : 1.92%;}}<\/style><\/div><\/div><style type=\"text\/css\">.fusion-body .fusion-flex-container.fusion-builder-row-2{ padding-top : 0px;margin-top : 0px;padding-right : 0px;padding-bottom : 0px;margin-bottom : 0px;padding-left : 0px;}<\/style><\/div><div class=\"fusion-fullwidth fullwidth-box fusion-builder-row-3 fusion-flex-container hundred-percent-fullwidth non-hundred-percent-height-scrolling\" style=\"background-color: #ffffff;background-position: left top;background-repeat: no-repeat;border-width: 0px 0px 0px 0px;border-color:#eae9e9;border-style:solid;\" ><div class=\"fusion-builder-row fusion-row fusion-flex-align-items-stretch\" style=\"width:calc( 100% + 0px ) !important;max-width:calc( 100% + 0px ) !important;margin-left: calc(-0px \/ 2 );margin-right: calc(-0px \/ 2 );\"><div class=\"fusion-layout-column fusion_builder_column fusion-builder-column-4 fusion_builder_column_1_1 1_1 fusion-flex-column\"><div class=\"fusion-column-wrapper fusion-flex-justify-content-center fusion-content-layout-column\" style=\"background-position:center center;background-repeat:no-repeat;-webkit-background-size:cover;-moz-background-size:cover;-o-background-size:cover;background-size:cover;background-color:#000000;padding: 35PX 6% 10PX 6%;\"><a class=\"fb-icon-element-1 fb-icon-element fontawesome-icon icon-download circle-yes fusion-link\" style=\"font-size:44px;line-height:88px;height:88px;width:88px;border-width:0px;align-self:center;margin: 0px;\" href=\"https:\/\/acpaiva.com.br\/site\/wp-content\/uploads\/2023\/11\/06-Caixas-de-Passagem-com-Tampa-Reversivel.pdf\" aria-label=\"Link to https:\/\/acpaiva.com.br\/site\/wp-content\/uploads\/2023\/11\/06-Caixas-de-Passagem-com-Tampa-Reversivel.pdf\" target=\"_blank\" rel=\"noopener noreferrer\"><\/a><style>a.fb-icon-element.fontawesome-icon.fb-icon-element-1{ color: #ffffff; background-color: #0092bf; border-color: #004c7f;}a.fb-icon-element.fontawesome-icon.fb-icon-element-1:hover { color: #ffffff; background-color: #0092bf; border-color: #004c7f;}<\/style><div class=\"fusion-separator fusion-full-width-sep\" style=\"align-self: center;margin-left: auto;margin-right: auto;margin-top:30px;width:100%;\"><\/div><div class=\"fusion-text fusion-text-3\"><p style=\"text-align: center;\"><span style=\"color: #ffffff;\">Baixar PDF<\/span><\/p>\n<\/div><\/div><style type=\"text\/css\">.fusion-body .fusion-builder-column-4{width:100% !important;margin-top : 0px;margin-bottom : 0px;}.fusion-builder-column-4 > .fusion-column-wrapper {padding-top : 35PX !important;padding-right : 6% !important;margin-right : 0px;padding-bottom : 10PX !important;padding-left : 6% !important;margin-left : 0px;}@media only screen and (max-width:1024px) {.fusion-body .fusion-builder-column-4{width:100% !important;order : 0;}.fusion-builder-column-4 > .fusion-column-wrapper {margin-right : 0px;margin-left : 0px;}}@media only screen and (max-width:640px) {.fusion-body .fusion-builder-column-4{width:100% !important;order : 0;}.fusion-builder-column-4 > .fusion-column-wrapper {margin-right : 0px;margin-left : 0px;}}<\/style><\/div><\/div><style type=\"text\/css\">.fusion-fullwidth.fusion-builder-row-3 a:not(.awb-custom-text-color):not(.fusion-button):not(.fusion-builder-module-control):not(.fusion-social-network-icon):not(.fb-icon-element):not(.fusion-countdown-link):not(.fusion-rollover-link):not(.fusion-rollover-gallery):not(.fusion-button-bar):not(.add_to_cart_button):not(.show_details_button):not(.product_type_external):not(.fusion-view-cart):not(.fusion-quick-view):not(.fusion-rollover-title-link):not(.fusion-breadcrumb-link) , .fusion-fullwidth.fusion-builder-row-3 a:not(.awb-custom-text-color):not(.fusion-button):not(.fusion-builder-module-control):not(.fusion-social-network-icon):not(.fb-icon-element):not(.fusion-countdown-link):not(.fusion-rollover-link):not(.fusion-rollover-gallery):not(.fusion-button-bar):not(.add_to_cart_button):not(.show_details_button):not(.product_type_external):not(.fusion-view-cart):not(.fusion-quick-view):not(.fusion-rollover-title-link):not(.fusion-breadcrumb-link):before, .fusion-fullwidth.fusion-builder-row-3 a:not(.awb-custom-text-color):not(.fusion-button):not(.fusion-builder-module-control):not(.fusion-social-network-icon):not(.fb-icon-element):not(.fusion-countdown-link):not(.fusion-rollover-link):not(.fusion-rollover-gallery):not(.fusion-button-bar):not(.add_to_cart_button):not(.show_details_button):not(.product_type_external):not(.fusion-view-cart):not(.fusion-quick-view):not(.fusion-rollover-title-link):not(.fusion-breadcrumb-link):after {color: #000000;}.fusion-body .fusion-flex-container.fusion-builder-row-3{ padding-top : 0px;margin-top : 0px;padding-right : 0px;padding-bottom : 0px;margin-bottom : -80px;padding-left : 0px;}<\/style><\/div><\/p>\n","protected":false},"excerpt":{"rendered":"","protected":false},"author":1,"featured_media":0,"parent":23,"menu_order":0,"comment_status":"closed","ping_status":"closed","template":"100-width.php","meta":{"_joinchat":[],"footnotes":""},"class_list":["post-130","page","type-page","status-publish","hentry"],"yoast_head":"<!-- This site is optimized with the Yoast SEO plugin v27.2 - https:\/\/yoast.com\/product\/yoast-seo-wordpress\/ -->\n<title>Caixa de Passagem - A. C. P. Conduletes<\/title>\n<meta name=\"description\" content=\"Caixa de liga\u00e7\u00e3o e passagem quadrada ACP, fabricada em liga de alum\u00ednio, com junta vedadora de borracha e tampa revers\u00edvel.\" \/>\n<meta name=\"robots\" content=\"index, follow, max-snippet:-1, max-image-preview:large, max-video-preview:-1\" \/>\n<link rel=\"canonical\" href=\"https:\/\/acpaiva.com.br\/site\/produtos\/caixa-de-passagem\/\" \/>\n<meta property=\"og:locale\" content=\"pt_BR\" \/>\n<meta property=\"og:type\" content=\"article\" \/>\n<meta property=\"og:title\" content=\"Caixa de Passagem\" \/>\n<meta property=\"og:description\" content=\"Caixa de liga\u00e7\u00e3o e passagem quadrada, fabricada em liga de alum\u00ednio, orelhas de \ufb01xa\u00e7\u00e3o refor\u00e7adas e junta vedadora de borracha.\" \/>\n<meta property=\"og:url\" content=\"https:\/\/acpaiva.com.br\/site\/produtos\/caixa-de-passagem\/\" \/>\n<meta property=\"og:site_name\" content=\"A. C. P. Conduletes\" \/>\n<meta property=\"article:modified_time\" content=\"2023-11-03T20:14:56+00:00\" \/>\n<meta property=\"og:image\" content=\"https:\/\/acpaiva.com.br\/site\/wp-content\/uploads\/2022\/10\/produto-caixa-de-passagem-1.jpg\" \/>\n\t<meta property=\"og:image:width\" content=\"767\" \/>\n\t<meta property=\"og:image:height\" content=\"612\" \/>\n\t<meta property=\"og:image:type\" content=\"image\/jpeg\" \/>\n<meta name=\"twitter:card\" content=\"summary_large_image\" \/>\n<meta name=\"twitter:title\" content=\"Caixa de Passagem\" \/>\n<meta name=\"twitter:description\" content=\"Caixa de liga\u00e7\u00e3o e passagem quadrada, fabricada em liga de alum\u00ednio, orelhas de \ufb01xa\u00e7\u00e3o refor\u00e7adas e junta vedadora de borracha.\" \/>\n<meta name=\"twitter:image\" content=\"https:\/\/acpaiva.com.br\/site\/wp-content\/uploads\/2022\/10\/produto-caixa-de-passagem-1.jpg\" \/>\n<meta name=\"twitter:label1\" content=\"Est. tempo de leitura\" \/>\n\t<meta name=\"twitter:data1\" content=\"7 minutos\" \/>\n<script type=\"application\/ld+json\" class=\"yoast-schema-graph\">{\"@context\":\"https:\/\/schema.org\",\"@graph\":[{\"@type\":\"WebPage\",\"@id\":\"https:\/\/acpaiva.com.br\/site\/produtos\/caixa-de-passagem\/\",\"url\":\"https:\/\/acpaiva.com.br\/site\/produtos\/caixa-de-passagem\/\",\"name\":\"Caixa de Passagem - A. C. P. Conduletes\",\"isPartOf\":{\"@id\":\"https:\/\/acpaiva.com.br\/site\/#website\"},\"datePublished\":\"2022-10-25T03:43:05+00:00\",\"dateModified\":\"2023-11-03T20:14:56+00:00\",\"description\":\"Caixa de liga\u00e7\u00e3o e passagem quadrada ACP, fabricada em liga de alum\u00ednio, com junta vedadora de borracha e tampa revers\u00edvel.\",\"breadcrumb\":{\"@id\":\"https:\/\/acpaiva.com.br\/site\/produtos\/caixa-de-passagem\/#breadcrumb\"},\"inLanguage\":\"pt-BR\",\"potentialAction\":[{\"@type\":\"ReadAction\",\"target\":[\"https:\/\/acpaiva.com.br\/site\/produtos\/caixa-de-passagem\/\"]}]},{\"@type\":\"BreadcrumbList\",\"@id\":\"https:\/\/acpaiva.com.br\/site\/produtos\/caixa-de-passagem\/#breadcrumb\",\"itemListElement\":[{\"@type\":\"ListItem\",\"position\":1,\"name\":\"In\u00edcio\",\"item\":\"https:\/\/acpaiva.com.br\/site\/\"},{\"@type\":\"ListItem\",\"position\":2,\"name\":\"Produtos\",\"item\":\"https:\/\/acpaiva.com.br\/site\/produtos\/\"},{\"@type\":\"ListItem\",\"position\":3,\"name\":\"Caixa de Passagem\"}]},{\"@type\":\"WebSite\",\"@id\":\"https:\/\/acpaiva.com.br\/site\/#website\",\"url\":\"https:\/\/acpaiva.com.br\/site\/\",\"name\":\"A. C. P. Conduletes\",\"description\":\"Lumin\u00e1rias e Eletroblindados\",\"publisher\":{\"@id\":\"https:\/\/acpaiva.com.br\/site\/#organization\"},\"potentialAction\":[{\"@type\":\"SearchAction\",\"target\":{\"@type\":\"EntryPoint\",\"urlTemplate\":\"https:\/\/acpaiva.com.br\/site\/?s={search_term_string}\"},\"query-input\":{\"@type\":\"PropertyValueSpecification\",\"valueRequired\":true,\"valueName\":\"search_term_string\"}}],\"inLanguage\":\"pt-BR\"},{\"@type\":\"Organization\",\"@id\":\"https:\/\/acpaiva.com.br\/site\/#organization\",\"name\":\"A. C. P. Conduletes\",\"url\":\"https:\/\/acpaiva.com.br\/site\/\",\"logo\":{\"@type\":\"ImageObject\",\"inLanguage\":\"pt-BR\",\"@id\":\"https:\/\/acpaiva.com.br\/site\/#\/schema\/logo\/image\/\",\"url\":\"https:\/\/acpaiva.com.br\/site\/wp-content\/uploads\/2022\/10\/acp-logo-75x206-preto.png\",\"contentUrl\":\"https:\/\/acpaiva.com.br\/site\/wp-content\/uploads\/2022\/10\/acp-logo-75x206-preto.png\",\"width\":206,\"height\":75,\"caption\":\"A. C. P. Conduletes\"},\"image\":{\"@id\":\"https:\/\/acpaiva.com.br\/site\/#\/schema\/logo\/image\/\"}}]}<\/script>\n<!-- \/ Yoast SEO plugin. -->","yoast_head_json":{"title":"Caixa de Passagem - A. C. P. Conduletes","description":"Caixa de liga\u00e7\u00e3o e passagem quadrada ACP, fabricada em liga de alum\u00ednio, com junta vedadora de borracha e tampa revers\u00edvel.","robots":{"index":"index","follow":"follow","max-snippet":"max-snippet:-1","max-image-preview":"max-image-preview:large","max-video-preview":"max-video-preview:-1"},"canonical":"https:\/\/acpaiva.com.br\/site\/produtos\/caixa-de-passagem\/","og_locale":"pt_BR","og_type":"article","og_title":"Caixa de Passagem","og_description":"Caixa de liga\u00e7\u00e3o e passagem quadrada, fabricada em liga de alum\u00ednio, orelhas de \ufb01xa\u00e7\u00e3o refor\u00e7adas e junta vedadora de borracha.","og_url":"https:\/\/acpaiva.com.br\/site\/produtos\/caixa-de-passagem\/","og_site_name":"A. C. P. Conduletes","article_modified_time":"2023-11-03T20:14:56+00:00","og_image":[{"width":767,"height":612,"url":"https:\/\/acpaiva.com.br\/site\/wp-content\/uploads\/2022\/10\/produto-caixa-de-passagem-1.jpg","type":"image\/jpeg"}],"twitter_card":"summary_large_image","twitter_title":"Caixa de Passagem","twitter_description":"Caixa de liga\u00e7\u00e3o e passagem quadrada, fabricada em liga de alum\u00ednio, orelhas de \ufb01xa\u00e7\u00e3o refor\u00e7adas e junta vedadora de borracha.","twitter_image":"https:\/\/acpaiva.com.br\/site\/wp-content\/uploads\/2022\/10\/produto-caixa-de-passagem-1.jpg","twitter_misc":{"Est. tempo de leitura":"7 minutos"},"schema":{"@context":"https:\/\/schema.org","@graph":[{"@type":"WebPage","@id":"https:\/\/acpaiva.com.br\/site\/produtos\/caixa-de-passagem\/","url":"https:\/\/acpaiva.com.br\/site\/produtos\/caixa-de-passagem\/","name":"Caixa de Passagem - A. C. P. Conduletes","isPartOf":{"@id":"https:\/\/acpaiva.com.br\/site\/#website"},"datePublished":"2022-10-25T03:43:05+00:00","dateModified":"2023-11-03T20:14:56+00:00","description":"Caixa de liga\u00e7\u00e3o e passagem quadrada ACP, fabricada em liga de alum\u00ednio, com junta vedadora de borracha e tampa revers\u00edvel.","breadcrumb":{"@id":"https:\/\/acpaiva.com.br\/site\/produtos\/caixa-de-passagem\/#breadcrumb"},"inLanguage":"pt-BR","potentialAction":[{"@type":"ReadAction","target":["https:\/\/acpaiva.com.br\/site\/produtos\/caixa-de-passagem\/"]}]},{"@type":"BreadcrumbList","@id":"https:\/\/acpaiva.com.br\/site\/produtos\/caixa-de-passagem\/#breadcrumb","itemListElement":[{"@type":"ListItem","position":1,"name":"In\u00edcio","item":"https:\/\/acpaiva.com.br\/site\/"},{"@type":"ListItem","position":2,"name":"Produtos","item":"https:\/\/acpaiva.com.br\/site\/produtos\/"},{"@type":"ListItem","position":3,"name":"Caixa de Passagem"}]},{"@type":"WebSite","@id":"https:\/\/acpaiva.com.br\/site\/#website","url":"https:\/\/acpaiva.com.br\/site\/","name":"A. C. P. Conduletes","description":"Lumin\u00e1rias e Eletroblindados","publisher":{"@id":"https:\/\/acpaiva.com.br\/site\/#organization"},"potentialAction":[{"@type":"SearchAction","target":{"@type":"EntryPoint","urlTemplate":"https:\/\/acpaiva.com.br\/site\/?s={search_term_string}"},"query-input":{"@type":"PropertyValueSpecification","valueRequired":true,"valueName":"search_term_string"}}],"inLanguage":"pt-BR"},{"@type":"Organization","@id":"https:\/\/acpaiva.com.br\/site\/#organization","name":"A. C. P. Conduletes","url":"https:\/\/acpaiva.com.br\/site\/","logo":{"@type":"ImageObject","inLanguage":"pt-BR","@id":"https:\/\/acpaiva.com.br\/site\/#\/schema\/logo\/image\/","url":"https:\/\/acpaiva.com.br\/site\/wp-content\/uploads\/2022\/10\/acp-logo-75x206-preto.png","contentUrl":"https:\/\/acpaiva.com.br\/site\/wp-content\/uploads\/2022\/10\/acp-logo-75x206-preto.png","width":206,"height":75,"caption":"A. C. P. Conduletes"},"image":{"@id":"https:\/\/acpaiva.com.br\/site\/#\/schema\/logo\/image\/"}}]}},"_links":{"self":[{"href":"https:\/\/acpaiva.com.br\/site\/wp-json\/wp\/v2\/pages\/130","targetHints":{"allow":["GET"]}}],"collection":[{"href":"https:\/\/acpaiva.com.br\/site\/wp-json\/wp\/v2\/pages"}],"about":[{"href":"https:\/\/acpaiva.com.br\/site\/wp-json\/wp\/v2\/types\/page"}],"author":[{"embeddable":true,"href":"https:\/\/acpaiva.com.br\/site\/wp-json\/wp\/v2\/users\/1"}],"replies":[{"embeddable":true,"href":"https:\/\/acpaiva.com.br\/site\/wp-json\/wp\/v2\/comments?post=130"}],"version-history":[{"count":10,"href":"https:\/\/acpaiva.com.br\/site\/wp-json\/wp\/v2\/pages\/130\/revisions"}],"predecessor-version":[{"id":346,"href":"https:\/\/acpaiva.com.br\/site\/wp-json\/wp\/v2\/pages\/130\/revisions\/346"}],"up":[{"embeddable":true,"href":"https:\/\/acpaiva.com.br\/site\/wp-json\/wp\/v2\/pages\/23"}],"wp:attachment":[{"href":"https:\/\/acpaiva.com.br\/site\/wp-json\/wp\/v2\/media?parent=130"}],"curies":[{"name":"wp","href":"https:\/\/api.w.org\/{rel}","templated":true}]}}